{"id":256,"date":"2025-10-27T10:15:44","date_gmt":"2025-10-27T10:15:44","guid":{"rendered":"http:\/\/lequartete.be\/?page_id=256"},"modified":"2026-02-22T16:56:44","modified_gmt":"2026-02-22T16:56:44","slug":"espace-pro","status":"publish","type":"page","link":"https:\/\/lequartete.be\/index.php\/espace-pro\/","title":{"rendered":"Espace pro"},"content":{"rendered":"\t\t<div data-elementor-type=\"wp-page\" data-elementor-id=\"256\" class=\"elementor elementor-256\">\n\t\t\t\t<div class=\"elementor-element elementor-element-6440a7a e-flex e-con-boxed e-con e-parent\" data-id=\"6440a7a\" data-element_type=\"container\" data-e-type=\"container\">\n\t\t\t\t\t<div class=\"e-con-inner\">\n\t\t<div class=\"elementor-element elementor-element-de9708c e-con-full e-flex e-con e-child\" data-id=\"de9708c\" data-element_type=\"container\" data-e-type=\"container\">\n\t\t\t\t<div class=\"elementor-element elementor-element-3e83398 elementor-widget elementor-widget-text-editor\" data-id=\"3e83398\" data-element_type=\"widget\" data-e-type=\"widget\" data-widget_type=\"text-editor.default\">\n\t\t\t\t\t\t\t\t\t<p><span style=\"color: #ffffff;\"><a style=\"color: #ffffff;\" href=\"https:\/\/drive.google.com\/file\/d\/169UMkaNnsNdOtRYrs-ma4mRLZIva3wrw\/view?usp=sharing\" target=\"_blank\" rel=\"noopener\"><img decoding=\"async\" class=\"alignnone wp-image-447\" src=\"http:\/\/lequartete.be\/wp-content\/uploads\/2026\/02\/blank-file-xxl.png\" alt=\"\" width=\"29\" height=\"29\" srcset=\"https:\/\/lequartete.be\/wp-content\/uploads\/2026\/02\/blank-file-xxl.png 256w, https:\/\/lequartete.be\/wp-content\/uploads\/2026\/02\/blank-file-xxl-150x150.png 150w\" sizes=\"(max-width: 29px) 100vw, 29px\" \/><\/a><a style=\"color: #ffffff;\" href=\"https:\/\/drive.google.com\/file\/d\/169UMkaNnsNdOtRYrs-ma4mRLZIva3wrw\/view?usp=sharing\" target=\"_blank\" rel=\"noopener\">Dossier de cr\u00e9ation<\/a><\/span><\/p><p><span style=\"color: #ffffff;\"><a style=\"color: #ffffff;\" href=\"https:\/\/drive.google.com\/file\/d\/169UMkaNnsNdOtRYrs-ma4mRLZIva3wrw\/view?usp=sharing\" target=\"_blank\" rel=\"noopener\"><img decoding=\"async\" class=\"alignnone wp-image-447\" src=\"http:\/\/lequartete.be\/wp-content\/uploads\/2026\/02\/blank-file-xxl.png\" alt=\"\" width=\"29\" height=\"29\" srcset=\"https:\/\/lequartete.be\/wp-content\/uploads\/2026\/02\/blank-file-xxl.png 256w, https:\/\/lequartete.be\/wp-content\/uploads\/2026\/02\/blank-file-xxl-150x150.png 150w\" sizes=\"(max-width: 29px) 100vw, 29px\" \/><\/a><a style=\"color: #ffffff;\" href=\"https:\/\/drive.google.com\/drive\/folders\/166J0m5q-TFHFAFLJkgqj00klyCPFpiCI?usp=sharing\" target=\"_blank\" rel=\"noopener\">Photos et visuels<\/a><\/span><\/p><p><span style=\"color: #ffffff;\"><a style=\"color: #ffffff;\" href=\"https:\/\/drive.google.com\/file\/d\/169UMkaNnsNdOtRYrs-ma4mRLZIva3wrw\/view?usp=sharing\" target=\"_blank\" rel=\"noopener\"><img decoding=\"async\" class=\"alignnone wp-image-447\" src=\"http:\/\/lequartete.be\/wp-content\/uploads\/2026\/02\/blank-file-xxl.png\" alt=\"\" width=\"29\" height=\"29\" srcset=\"https:\/\/lequartete.be\/wp-content\/uploads\/2026\/02\/blank-file-xxl.png 256w, https:\/\/lequartete.be\/wp-content\/uploads\/2026\/02\/blank-file-xxl-150x150.png 150w\" sizes=\"(max-width: 29px) 100vw, 29px\" \/><\/a><a style=\"color: #ffffff;\" href=\"https:\/\/drive.google.com\/file\/d\/1dUpuXU33xlDbZq9HR9ocmenFVkVMVnyx\/view?usp=sharing\" target=\"_blank\" rel=\"noopener\">Fiche technique<\/a><\/span><\/p><p><span style=\"color: #ffffff;\"><a style=\"color: #ffffff;\" href=\"https:\/\/drive.google.com\/file\/d\/169UMkaNnsNdOtRYrs-ma4mRLZIva3wrw\/view?usp=sharing\" target=\"_blank\" rel=\"noopener\"><img decoding=\"async\" class=\"alignnone wp-image-447\" src=\"http:\/\/lequartete.be\/wp-content\/uploads\/2026\/02\/blank-file-xxl.png\" alt=\"\" width=\"29\" height=\"29\" srcset=\"https:\/\/lequartete.be\/wp-content\/uploads\/2026\/02\/blank-file-xxl.png 256w, https:\/\/lequartete.be\/wp-content\/uploads\/2026\/02\/blank-file-xxl-150x150.png 150w\" sizes=\"(max-width: 29px) 100vw, 29px\" \/><\/a><a style=\"color: #ffffff;\" href=\"https:\/\/docs.google.com\/spreadsheets\/d\/1AYFzpkX4ILCpfrtDLl8jg5AvbT9ac64U\/edit?usp=sharing&amp;ouid=116637835563408540093&amp;rtpof=true&amp;sd=true\" target=\"_blank\" rel=\"noopener\">P\u00e9riodes de tourn\u00e9e<\/a><\/span><\/p><p><span style=\"color: #ffffff;\"><a style=\"color: #ffffff;\" href=\"https:\/\/drive.google.com\/file\/d\/169UMkaNnsNdOtRYrs-ma4mRLZIva3wrw\/view?usp=sharing\" target=\"_blank\" rel=\"noopener\"><img decoding=\"async\" class=\"alignnone wp-image-447\" src=\"http:\/\/lequartete.be\/wp-content\/uploads\/2026\/02\/blank-file-xxl.png\" alt=\"\" width=\"29\" height=\"29\" srcset=\"https:\/\/lequartete.be\/wp-content\/uploads\/2026\/02\/blank-file-xxl.png 256w, https:\/\/lequartete.be\/wp-content\/uploads\/2026\/02\/blank-file-xxl-150x150.png 150w\" sizes=\"(max-width: 29px) 100vw, 29px\" \/><\/a><a style=\"color: #ffffff;\" href=\"https:\/\/drive.google.com\/file\/d\/1O3HUh50P3tqNy08V9Sc3N_rurQ9LHHQX\/view?usp=sharing\" target=\"_blank\" rel=\"noopener\">Affiche<\/a><\/span><\/p><p><span style=\"color: #ffffff;\"><a style=\"color: #ffffff;\" href=\"https:\/\/drive.google.com\/file\/d\/169UMkaNnsNdOtRYrs-ma4mRLZIva3wrw\/view?usp=sharing\" target=\"_blank\" rel=\"noopener\"><img decoding=\"async\" class=\"alignnone wp-image-447\" src=\"http:\/\/lequartete.be\/wp-content\/uploads\/2026\/02\/blank-file-xxl.png\" alt=\"\" width=\"29\" height=\"29\" srcset=\"https:\/\/lequartete.be\/wp-content\/uploads\/2026\/02\/blank-file-xxl.png 256w, https:\/\/lequartete.be\/wp-content\/uploads\/2026\/02\/blank-file-xxl-150x150.png 150w\" sizes=\"(max-width: 29px) 100vw, 29px\" \/><\/a><a style=\"color: #ffffff;\" href=\"https:\/\/docs.google.com\/document\/d\/1TKApADtDCH5WG_6opZpjG9B2bdwaBudG\/edit?usp=sharing&amp;ouid=118291624958992015598&amp;rtpof=true&amp;sd=true\" target=\"_blank\" rel=\"noopener\">Mentions obligatoires<\/a><\/span><\/p><p><span style=\"color: #ffffff;\"><a style=\"color: #ffffff;\" href=\"https:\/\/drive.google.com\/file\/d\/169UMkaNnsNdOtRYrs-ma4mRLZIva3wrw\/view?usp=sharing\" target=\"_blank\" rel=\"noopener\"><img decoding=\"async\" class=\"alignnone wp-image-447\" src=\"http:\/\/lequartete.be\/wp-content\/uploads\/2026\/02\/blank-file-xxl.png\" alt=\"\" width=\"29\" height=\"29\" srcset=\"https:\/\/lequartete.be\/wp-content\/uploads\/2026\/02\/blank-file-xxl.png 256w, https:\/\/lequartete.be\/wp-content\/uploads\/2026\/02\/blank-file-xxl-150x150.png 150w\" sizes=\"(max-width: 29px) 100vw, 29px\" \/><\/a><a style=\"color: #ffffff;\" href=\"https:\/\/drive.google.com\/file\/d\/15Opw5iHszJKzx5tjFC_6Yc7_eUSLZM3a\/view?usp=sharing\" target=\"_blank\" rel=\"noopener\">Dossier de diffusion<\/a><\/span><\/p>\t\t\t\t\t\t\t\t<\/div>\n\t\t\t\t<\/div>\n\t\t<div class=\"elementor-element elementor-element-7f98e58 e-con-full e-flex e-con e-child\" data-id=\"7f98e58\" data-element_type=\"container\" data-e-type=\"container\">\n\t\t\t\t<div class=\"elementor-element elementor-element-d588ff8 elementor-widget elementor-widget-image\" data-id=\"d588ff8\" data-element_type=\"widget\" data-e-type=\"widget\" data-widget_type=\"image.default\">\n\t\t\t\t\t\t\t\t\t\t\t\t\t\t\t<img fetchpriority=\"high\" decoding=\"async\" width=\"768\" height=\"512\" src=\"https:\/\/lequartete.be\/wp-content\/uploads\/2026\/02\/Leon-bd-21-768x512.jpg\" class=\"attachment-medium_large size-medium_large wp-image-427\" alt=\"\" srcset=\"https:\/\/lequartete.be\/wp-content\/uploads\/2026\/02\/Leon-bd-21-768x512.jpg 768w, https:\/\/lequartete.be\/wp-content\/uploads\/2026\/02\/Leon-bd-21-300x200.jpg 300w, https:\/\/lequartete.be\/wp-content\/uploads\/2026\/02\/Leon-bd-21-1024x683.jpg 1024w\" sizes=\"(max-width: 768px) 100vw, 768px\" \/>\t\t\t\t\t\t\t\t\t\t\t\t\t\t\t<\/div>\n\t\t\t\t<\/div>\n\t\t\t\t\t<\/div>\n\t\t\t\t<\/div>\n\t\t<div class=\"elementor-element elementor-element-47dc406 e-flex e-con-boxed e-con e-parent\" data-id=\"47dc406\" data-element_type=\"container\" data-e-type=\"container\">\n\t\t\t\t\t<div class=\"e-con-inner\">\n\t\t<div class=\"elementor-element elementor-element-04a7ee0 e-con-full e-flex e-con e-child\" data-id=\"04a7ee0\" data-element_type=\"container\" data-e-type=\"container\">\n\t\t\t\t<div class=\"elementor-element elementor-element-66b2b9a elementor-widget elementor-widget-heading\" data-id=\"66b2b9a\" data-element_type=\"widget\" data-e-type=\"widget\" data-widget_type=\"heading.default\">\n\t\t\t\t\t<h2 class=\"elementor-heading-title elementor-size-default\">Charg\u00e9 de diffusion :<\/h2>\t\t\t\t<\/div>\n\t\t\t\t<\/div>\n\t\t<div class=\"elementor-element elementor-element-7f2c507 e-con-full e-flex e-con e-child\" data-id=\"7f2c507\" data-element_type=\"container\" data-e-type=\"container\">\n\t\t\t\t<div class=\"elementor-element elementor-element-a4acb6d elementor-widget__width-initial elementor-widget elementor-widget-text-editor\" data-id=\"a4acb6d\" data-element_type=\"widget\" data-e-type=\"widget\" data-widget_type=\"text-editor.default\">\n\t\t\t\t\t\t\t\t\t<p style=\"text-align: center;\"><span style=\"color: #ffffff;\">Site : <a style=\"color: #ffffff;\" href=\"https:\/\/www.ideesfixes.be\/leon\">https:\/\/www.ideesfixes.be\/leon<\/a><\/span><\/p><p style=\"text-align: center;\"><span style=\"color: #ffffff;\">Mail : <a style=\"color: #ffffff;\" href=\"mailto:info@ideesfixes.be\">info@ideesfixes.be<\/a><\/span><\/p><p style=\"text-align: center;\"><span style=\"color: #ffffff;\">Tel : <a style=\"color: #ffffff;\" href=\"tel:+ 32 (0) 477 547 343\">+ 32 (0) 477 547 343<\/a><\/span><\/p>\t\t\t\t\t\t\t\t<\/div>\n\t\t\t\t<\/div>\n\t\t<div class=\"elementor-element elementor-element-7a3bc7a e-con-full e-flex e-con e-child\" data-id=\"7a3bc7a\" data-element_type=\"container\" data-e-type=\"container\">\n\t\t<div class=\"elementor-element elementor-element-d5f7705 e-con-full e-flex e-con e-child\" data-id=\"d5f7705\" data-element_type=\"container\" data-e-type=\"container\">\n\t\t\t\t<div class=\"elementor-element elementor-element-d8c00d1 elementor-widget__width-inherit elementor-widget elementor-widget-image\" data-id=\"d8c00d1\" data-element_type=\"widget\" data-e-type=\"widget\" data-widget_type=\"image.default\">\n\t\t\t\t\t\t\t\t\t\t\t\t\t\t\t\t<a href=\"https:\/\/www.ideesfixes.be\/leon\">\n\t\t\t\t\t\t\t<img decoding=\"async\" width=\"350\" height=\"121\" src=\"https:\/\/lequartete.be\/wp-content\/uploads\/2025\/10\/logo-top.png\" class=\"attachment-large size-large wp-image-262\" alt=\"\" srcset=\"https:\/\/lequartete.be\/wp-content\/uploads\/2025\/10\/logo-top.png 350w, https:\/\/lequartete.be\/wp-content\/uploads\/2025\/10\/logo-top-300x104.png 300w\" sizes=\"(max-width: 350px) 100vw, 350px\" \/>\t\t\t\t\t\t\t\t<\/a>\n\t\t\t\t\t\t\t\t\t\t\t\t\t\t\t<\/div>\n\t\t\t\t<\/div>\n\t\t\t\t<\/div>\n\t\t\t\t\t<\/div>\n\t\t\t\t<\/div>\n\t\t\t\t<\/div>\n\t\t","protected":false},"excerpt":{"rendered":"<p>Dossier de cr\u00e9ation Photos et visuels Fiche technique P\u00e9riodes de tourn\u00e9e Affiche Mentions obligatoires Dossier de diffusion Charg\u00e9 de diffusion [&hellip;]<\/p>\n","protected":false},"author":1,"featured_media":0,"parent":0,"menu_order":0,"comment_status":"closed","ping_status":"closed","template":"","meta":{"site-sidebar-layout":"no-sidebar","site-content-layout":"","ast-site-content-layout":"full-width-container","site-content-style":"default","site-sidebar-style":"default","ast-global-header-display":"","ast-banner-title-visibility":"","ast-main-header-display":"","ast-hfb-above-header-display":"","ast-hfb-below-header-display":"","ast-hfb-mobile-header-display":"","site-post-title":"disabled","ast-breadcrumbs-content":"","ast-featured-img":"disabled","footer-sml-layout":"","ast-disable-related-posts":"","theme-transparent-header-meta":"","adv-header-id-meta":"","stick-header-meta":"","header-above-stick-meta":"","header-main-stick-meta":"","header-below-stick-meta":"","astra-migrate-meta-layouts":"default","ast-page-background-enabled":"default","ast-page-background-meta":{"desktop":{"background-color":"var(--ast-global-color-5)","background-image":"","background-repeat":"repeat","background-position":"center center","background-size":"auto","background-attachment":"scroll","background-type":"","background-media":"","overlay-type":"","overlay-color":"","overlay-opacity":"","overlay-gradient":""},"tablet":{"background-color":"","background-image":"","background-repeat":"repeat","background-position":"center center","background-size":"auto","background-attachment":"scroll","background-type":"","background-media":"","overlay-type":"","overlay-color":"","overlay-opacity":"","overlay-gradient":""},"mobile":{"background-color":"","background-image":"","background-repeat":"repeat","background-position":"center center","background-size":"auto","background-attachment":"scroll","background-type":"","background-media":"","overlay-type":"","overlay-color":"","overlay-opacity":"","overlay-gradient":""}},"ast-content-background-meta":{"desktop":{"background-color":"var(--ast-global-color-4)","background-image":"","background-repeat":"repeat","background-position":"center center","background-size":"auto","background-attachment":"scroll","background-type":"","background-media":"","overlay-type":"","overlay-color":"","overlay-opacity":"","overlay-gradient":""},"tablet":{"background-color":"var(--ast-global-color-4)","background-image":"","background-repeat":"repeat","background-position":"center center","background-size":"auto","background-attachment":"scroll","background-type":"","background-media":"","overlay-type":"","overlay-color":"","overlay-opacity":"","overlay-gradient":""},"mobile":{"background-color":"var(--ast-global-color-4)","background-image":"","background-repeat":"repeat","background-position":"center center","background-size":"auto","background-attachment":"scroll","background-type":"","background-media":"","overlay-type":"","overlay-color":"","overlay-opacity":"","overlay-gradient":""}},"footnotes":""},"class_list":["post-256","page","type-page","status-publish","hentry"],"_links":{"self":[{"href":"https:\/\/lequartete.be\/index.php\/wp-json\/wp\/v2\/pages\/256","targetHints":{"allow":["GET"]}}],"collection":[{"href":"https:\/\/lequartete.be\/index.php\/wp-json\/wp\/v2\/pages"}],"about":[{"href":"https:\/\/lequartete.be\/index.php\/wp-json\/wp\/v2\/types\/page"}],"author":[{"embeddable":true,"href":"https:\/\/lequartete.be\/index.php\/wp-json\/wp\/v2\/users\/1"}],"replies":[{"embeddable":true,"href":"https:\/\/lequartete.be\/index.php\/wp-json\/wp\/v2\/comments?post=256"}],"version-history":[{"count":52,"href":"https:\/\/lequartete.be\/index.php\/wp-json\/wp\/v2\/pages\/256\/revisions"}],"predecessor-version":[{"id":568,"href":"https:\/\/lequartete.be\/index.php\/wp-json\/wp\/v2\/pages\/256\/revisions\/568"}],"wp:attachment":[{"href":"https:\/\/lequartete.be\/index.php\/wp-json\/wp\/v2\/media?parent=256"}],"curies":[{"name":"wp","href":"https:\/\/api.w.org\/{rel}","templated":true}]}}