{"id":234,"date":"2025-10-27T09:20:57","date_gmt":"2025-10-27T09:20:57","guid":{"rendered":"http:\/\/lequartete.be\/?page_id=234"},"modified":"2026-02-25T13:39:29","modified_gmt":"2026-02-25T13:39:29","slug":"spectacle","status":"publish","type":"page","link":"https:\/\/lequartete.be\/index.php\/spectacle\/","title":{"rendered":"Le spectacle"},"content":{"rendered":"\t\t<div data-elementor-type=\"wp-page\" data-elementor-id=\"234\" class=\"elementor elementor-234\">\n\t\t\t\t<div class=\"elementor-element elementor-element-91ffda3 e-flex e-con-boxed e-con e-parent\" data-id=\"91ffda3\" data-element_type=\"container\" data-e-type=\"container\">\n\t\t\t\t\t<div class=\"e-con-inner\">\n\t\t\t\t<div class=\"elementor-element elementor-element-9f4855f elementor-widget elementor-widget-text-editor\" data-id=\"9f4855f\" data-element_type=\"widget\" data-e-type=\"widget\" data-widget_type=\"text-editor.default\">\n\t\t\t\t\t\t\t\t\t<style type=\"text\/css\">\n#foogallery-gallery-639 .fg-image { width: 600px; }<\/style>\n\t\t\t<div class=\"foogallery foogallery-container foogallery-carousel foogallery-lightbox-foogallery fg-inverted fg-carousel fg-ready fg-dark fg-shadow-medium fg-loading-default fg-loaded-fade-in fg-hover-semi-zoomed fg-hover-fade fg-hover-circle-plus2\" id=\"foogallery-gallery-639\" data-foogallery=\"{&quot;item&quot;:{&quot;showCaptionTitle&quot;:true,&quot;showCaptionDescription&quot;:true},&quot;lazy&quot;:true,&quot;template&quot;:{&quot;maxItems&quot;:5,&quot;scale&quot;:0.12,&quot;gutter&quot;:{&quot;min&quot;:5,&quot;max&quot;:10,&quot;unit&quot;:&quot;px&quot;},&quot;autoplay&quot;:{&quot;time&quot;:0,&quot;interaction&quot;:&quot;pause&quot;},&quot;centerOnClick&quot;:true}}\" data-foogallery-lightbox=\"{&quot;thumbs&quot;:&quot;bottom&quot;,&quot;thumbsCaptions&quot;:false,&quot;thumbsBestFit&quot;:false,&quot;thumbsSmall&quot;:false,&quot;thumbsCaptionsAlign&quot;:&quot;default&quot;,&quot;info&quot;:&quot;bottom&quot;,&quot;infoVisible&quot;:true,&quot;infoOverlay&quot;:true,&quot;infoAlign&quot;:&quot;default&quot;,&quot;transition&quot;:&quot;fade&quot;,&quot;hoverButtons&quot;:false,&quot;fitMedia&quot;:false,&quot;noScrollbars&quot;:true,&quot;preserveButtonSpace&quot;:true,&quot;buttons&quot;:{&quot;fullscreen&quot;:true,&quot;info&quot;:true,&quot;thumbs&quot;:false},&quot;video&quot;:{&quot;autoPlay&quot;:true}}\" style=\"--fg-title-line-clamp: 1; --fg-description-line-clamp: 2;\" >\n\t<button type=\"button\" class=\"fg-carousel-prev\" title=\"Previous\"><\/button>\n\t<div class=\"fg-carousel-inner\">\n\t\t<div class=\"fg-carousel-center\"><\/div>\n\t\t<div class=\"fg-item fg-type-image fg-idle\"><figure class=\"fg-item-inner\"><a href=\"https:\/\/lequartete.be\/wp-content\/uploads\/2026\/02\/Leon-bd-21-scaled.jpg\" data-attachment-id=\"427\" data-e-disable-page-transition=\"true\" data-type=\"image\" class=\"fg-thumb\"><span class=\"fg-image-wrap\"><img fetchpriority=\"high\" decoding=\"async\" width=\"600\" height=\"400\" class=\"skip-lazy fg-image\" data-src-fg=\"https:\/\/lequartete.be\/wp-content\/uploads\/cache\/2026\/02\/Leon-bd-21-scaled\/498649670.jpg\" src=\"data:image\/svg+xml,%3Csvg%20xmlns%3D%22http%3A%2F%2Fwww.w3.org%2F2000%2Fsvg%22%20width%3D%22600%22%20height%3D%22400%22%20viewBox%3D%220%200%20600%20400%22%3E%3C%2Fsvg%3E\" loading=\"eager\"><\/span><span class=\"fg-image-overlay\"><\/span><\/a><\/figure><div class=\"fg-loader\"><\/div><\/div><div class=\"fg-item fg-type-image fg-idle\"><figure class=\"fg-item-inner\"><a href=\"https:\/\/lequartete.be\/wp-content\/uploads\/2026\/02\/Leon-bd-56-scaled.jpg\" data-attachment-id=\"426\" data-e-disable-page-transition=\"true\" data-type=\"image\" class=\"fg-thumb\"><span class=\"fg-image-wrap\"><img decoding=\"async\" width=\"600\" height=\"400\" class=\"skip-lazy fg-image\" data-src-fg=\"https:\/\/lequartete.be\/wp-content\/uploads\/cache\/2026\/02\/Leon-bd-56-scaled\/4144405507.jpg\" src=\"data:image\/svg+xml,%3Csvg%20xmlns%3D%22http%3A%2F%2Fwww.w3.org%2F2000%2Fsvg%22%20width%3D%22600%22%20height%3D%22400%22%20viewBox%3D%220%200%20600%20400%22%3E%3C%2Fsvg%3E\" loading=\"eager\"><\/span><span class=\"fg-image-overlay\"><\/span><\/a><\/figure><div class=\"fg-loader\"><\/div><\/div>\t<\/div>\n\t<div class=\"fg-carousel-bottom\"><\/div>\n\t<div class=\"fg-carousel-progress\"><\/div>\n\t<button type=\"button\" class=\"fg-carousel-next\" title=\"Next\"><\/button>\n<\/div>\t\t\t\t\t\t\t\t<\/div>\n\t\t\t\t\t<\/div>\n\t\t\t\t<\/div>\n\t\t<div class=\"elementor-element elementor-element-9f76a46 e-flex e-con-boxed e-con e-parent\" data-id=\"9f76a46\" data-element_type=\"container\" data-e-type=\"container\">\n\t\t\t\t\t<div class=\"e-con-inner\">\n\t\t<div class=\"elementor-element elementor-element-84db33e e-con-full e-flex e-con e-child\" data-id=\"84db33e\" data-element_type=\"container\" data-e-type=\"container\">\n\t\t\t\t<div class=\"elementor-element elementor-element-a2d4cff elementor-widget elementor-widget-text-editor\" data-id=\"a2d4cff\" data-element_type=\"widget\" data-e-type=\"widget\" data-widget_type=\"text-editor.default\">\n\t\t\t\t\t\t\t\t\t<h1><strong><span style=\"color: #ffffff;\">L\u00e9on<\/span><\/strong><\/h1>\t\t\t\t\t\t\t\t<\/div>\n\t\t\t\t<div class=\"elementor-element elementor-element-50c18fe elementor-widget elementor-widget-text-editor\" data-id=\"50c18fe\" data-element_type=\"widget\" data-e-type=\"widget\" data-widget_type=\"text-editor.default\">\n\t\t\t\t\t\t\t\t\t<p><span style=\"color: #ffffff;\">Dans un petit appartement de banlieue, L\u00e9on, un vieil homme solitaire, r\u00eave de recr\u00e9er des liens. Alors qu\u2019il pr\u00e9pare un repas, son quotidien se transforme : l\u00e9gumes, ustensiles et objets inanim\u00e9s prennent vie, l\u2019entra\u00eenant dans une fantasmagorie po\u00e9tique et color\u00e9e. \u00c0 travers cette escapade entre r\u00e9alit\u00e9 morose et imaginaire \u00e9clatant, L\u00e9on retrouve une vitalit\u00e9 oubli\u00e9e, m\u00ealant rires, tendresse et moments suspendus. Mais cette parenth\u00e8se magique laisse place \u00e0 une r\u00e9flexion poignante sur la solitude des a\u00een\u00e9\u00b7e\u00b7s.<\/span><\/p><p><span style=\"color: #ffffff;\">Ce spectacle de marionnette pluri technique, inspir\u00e9 du th\u00e9\u00e2tre noir et du bunraku, convie les enfants d\u00e8s 6 ans et leurs familles \u00e0 explorer, avec d\u00e9licatesse et \u00e9merveillement, les tr\u00e9sors souvent cach\u00e9s des g\u00e9n\u00e9rations qui nous pr\u00e9c\u00e8dent.<\/span><\/p><p><span style=\"color: #ffffff;\">Entre silence et bruitages envo\u00fbtants, L\u00e9on est une ode au lien social, \u00e0 l\u2019\u00e9coute et \u00e0 la po\u00e9sie du quotidien. Une exp\u00e9rience interg\u00e9n\u00e9rationnelle unique, pleine d\u2019humanit\u00e9 et d\u2019\u00e9motions.<\/span><\/p>\t\t\t\t\t\t\t\t<\/div>\n\t\t\t\t<\/div>\n\t\t<div class=\"elementor-element elementor-element-9cc6212 e-con-full e-flex e-con e-child\" data-id=\"9cc6212\" data-element_type=\"container\" data-e-type=\"container\">\n\t\t<div class=\"elementor-element elementor-element-1db571a e-con-full e-flex e-con e-child\" data-id=\"1db571a\" data-element_type=\"container\" data-e-type=\"container\">\n\t\t\t\t<div class=\"elementor-element elementor-element-f304f6f elementor-widget elementor-widget-text-editor\" data-id=\"f304f6f\" data-element_type=\"widget\" data-e-type=\"widget\" data-widget_type=\"text-editor.default\">\n\t\t\t\t\t\t\t\t\t<div class=\"col-lg-6\"><div class=\"title_box\"><div class=\"list2\"><ul><li><span style=\"color: #ffffff;\">Marionnettistes<\/span><br \/><h4><span style=\"color: #ffffff;\">Emma Paris, Margot Reboulin, Guillaume Lorea<\/span><\/h4><\/li><li><span style=\"color: #ffffff;\">Construction de la marionnette<\/span><br \/><h4><span style=\"color: #ffffff;\">Emma Paris<\/span><\/h4><\/li><li><span style=\"color: #ffffff;\">Mise en sc\u00e8ne<\/span><br \/><h4><span style=\"color: #ffffff;\">Xavier Foucher<\/span><\/h4><\/li><li><span style=\"color: #ffffff;\">Cr\u00e9ation lumi\u00e8re<\/span><br \/><h4><span style=\"color: #ffffff;\">Caspar Langhoff<\/span><\/h4><\/li><li><span style=\"color: #ffffff;\">Cr\u00e9ation et arrangements musicaux<\/span><br \/><h4><span style=\"color: #ffffff;\">Xavier Foucher et Emma Paris<\/span><\/h4><\/li><\/ul><\/div><\/div><\/div>\t\t\t\t\t\t\t\t<\/div>\n\t\t\t\t<\/div>\n\t\t<div class=\"elementor-element elementor-element-efddf01 e-con-full e-flex e-con e-child\" data-id=\"efddf01\" data-element_type=\"container\" data-e-type=\"container\">\n\t\t\t\t<div class=\"elementor-element elementor-element-fbe550c elementor-widget elementor-widget-video\" data-id=\"fbe550c\" data-element_type=\"widget\" data-e-type=\"widget\" data-settings=\"{&quot;youtube_url&quot;:&quot;https:\\\/\\\/youtu.be\\\/Em3FXlpxess?si=KRjylwqlWvMdT4pq&quot;,&quot;video_type&quot;:&quot;youtube&quot;,&quot;controls&quot;:&quot;yes&quot;}\" data-widget_type=\"video.default\">\n\t\t\t\t\t\t\t<div class=\"elementor-wrapper elementor-open-inline\">\n\t\t\t<div class=\"elementor-video\"><\/div>\t\t<\/div>\n\t\t\t\t\t\t<\/div>\n\t\t\t\t<\/div>\n\t\t\t\t<\/div>\n\t\t\t\t\t<\/div>\n\t\t\t\t<\/div>\n\t\t\t\t<\/div>\n\t\t","protected":false},"excerpt":{"rendered":"<p>L\u00e9on Dans un petit appartement de banlieue, L\u00e9on, un vieil homme solitaire, r\u00eave de recr\u00e9er des liens. Alors qu\u2019il pr\u00e9pare [&hellip;]<\/p>\n","protected":false},"author":1,"featured_media":0,"parent":0,"menu_order":0,"comment_status":"closed","ping_status":"closed","template":"","meta":{"site-sidebar-layout":"no-sidebar","site-content-layout":"","ast-site-content-layout":"full-width-container","site-content-style":"default","site-sidebar-style":"default","ast-global-header-display":"","ast-banner-title-visibility":"","ast-main-header-display":"","ast-hfb-above-header-display":"","ast-hfb-below-header-display":"","ast-hfb-mobile-header-display":"","site-post-title":"disabled","ast-breadcrumbs-content":"","ast-featured-img":"disabled","footer-sml-layout":"","ast-disable-related-posts":"","theme-transparent-header-meta":"","adv-header-id-meta":"","stick-header-meta":"","header-above-stick-meta":"","header-main-stick-meta":"","header-below-stick-meta":"","astra-migrate-meta-layouts":"default","ast-page-background-enabled":"default","ast-page-background-meta":{"desktop":{"background-color":"var(--ast-global-color-5)","background-image":"","background-repeat":"repeat","background-position":"center center","background-size":"auto","background-attachment":"scroll","background-type":"","background-media":"","overlay-type":"","overlay-color":"","overlay-opacity":"","overlay-gradient":""},"tablet":{"background-color":"","background-image":"","background-repeat":"repeat","background-position":"center center","background-size":"auto","background-attachment":"scroll","background-type":"","background-media":"","overlay-type":"","overlay-color":"","overlay-opacity":"","overlay-gradient":""},"mobile":{"background-color":"","background-image":"","background-repeat":"repeat","background-position":"center center","background-size":"auto","background-attachment":"scroll","background-type":"","background-media":"","overlay-type":"","overlay-color":"","overlay-opacity":"","overlay-gradient":""}},"ast-content-background-meta":{"desktop":{"background-color":"var(--ast-global-color-4)","background-image":"","background-repeat":"repeat","background-position":"center center","background-size":"auto","background-attachment":"scroll","background-type":"","background-media":"","overlay-type":"","overlay-color":"","overlay-opacity":"","overlay-gradient":""},"tablet":{"background-color":"var(--ast-global-color-4)","background-image":"","background-repeat":"repeat","background-position":"center center","background-size":"auto","background-attachment":"scroll","background-type":"","background-media":"","overlay-type":"","overlay-color":"","overlay-opacity":"","overlay-gradient":""},"mobile":{"background-color":"var(--ast-global-color-4)","background-image":"","background-repeat":"repeat","background-position":"center center","background-size":"auto","background-attachment":"scroll","background-type":"","background-media":"","overlay-type":"","overlay-color":"","overlay-opacity":"","overlay-gradient":""}},"footnotes":""},"class_list":["post-234","page","type-page","status-publish","hentry"],"_links":{"self":[{"href":"https:\/\/lequartete.be\/index.php\/wp-json\/wp\/v2\/pages\/234","targetHints":{"allow":["GET"]}}],"collection":[{"href":"https:\/\/lequartete.be\/index.php\/wp-json\/wp\/v2\/pages"}],"about":[{"href":"https:\/\/lequartete.be\/index.php\/wp-json\/wp\/v2\/types\/page"}],"author":[{"embeddable":true,"href":"https:\/\/lequartete.be\/index.php\/wp-json\/wp\/v2\/users\/1"}],"replies":[{"embeddable":true,"href":"https:\/\/lequartete.be\/index.php\/wp-json\/wp\/v2\/comments?post=234"}],"version-history":[{"count":50,"href":"https:\/\/lequartete.be\/index.php\/wp-json\/wp\/v2\/pages\/234\/revisions"}],"predecessor-version":[{"id":643,"href":"https:\/\/lequartete.be\/index.php\/wp-json\/wp\/v2\/pages\/234\/revisions\/643"}],"wp:attachment":[{"href":"https:\/\/lequartete.be\/index.php\/wp-json\/wp\/v2\/media?parent=234"}],"curies":[{"name":"wp","href":"https:\/\/api.w.org\/{rel}","templated":true}]}}